{"id":2,"date":"2016-02-29T19:29:01","date_gmt":"2016-02-29T18:29:01","guid":{"rendered":"http:\/\/www.wp.mssystemphu.pl\/?page_id=2"},"modified":"2016-03-15T19:15:14","modified_gmt":"2016-03-15T18:15:14","slug":"przykladowa-strona","status":"publish","type":"page","link":"http:\/\/www.mssystemphu.pl\/","title":{"rendered":"Przyk\u0142adowa"},"content":{"rendered":"<style>\n@media (max-device-width: 768px) and (orientation: portrait) {\n.przycisk {\n    color: #222 !important;\n    font-size: 20px;\n    font-weight: 500;\n    -moz-border-radius: 3px;\n    -webkit-border-radius: 3px;\n    border-radius: 3px;\n    padding: 6px 10px !important;\n    line-height: 1.7em;\n    background: transparent;\n    border: 2px solid;\n    -webkit-font-smoothing: antialiased;\n    -moz-osx-font-smoothing: grayscale;\n    -moz-transition: all 0.2s;\n    -webkit-transition: all 0.2s;\n    transition: all 0.2s;\n    position: relative;\n}\n} \n<\/style>\n<div class=\" et_pb_section_parallax et_pb_fullwidth_section mobile-hide et_pb_section_0 et_section_regular\">\n<!--\n\n<div class=\"et_pb_section et_pb_section_parallax et_pb_fullwidth_section mobile-hide et_pb_section_0 et_pb_with_background et_section_regular et_pb_section_first\" style=\"padding-bottom: 8% !important;\">--><\/p>\n<div class=\"et_parallax_bg et_pb_parallax_css\" style=\"background-image: url('\/wp-content\/uploads\/2016\/03\/bg2.jpg');\"><\/div>\n<section class=\"et_pb_fullwidth_header et_pb_fullscreen et_pb_module et_pb_bg_layout_dark et_pb_text_align_center et_pb_fullwidth_header_0\">\n<div class=\"et_pb_fullwidth_header_container center\">\n<div class=\"header-content-container center\">\n<div class=\"header-content\" style=\"z-index:9999 !important;   margin-top: -2% !important; width: 80%;\n    max-width: 800px;\n    margin: 20px auto;\"><a class=\"przycisk  et_pb_button\" style=\"color: #222 !important;    font-size: 20px;\n    font-weight: 500;\n    -moz-border-radius: 3px;\n    -webkit-border-radius: 3px;\n    border-radius: 3px;\n    padding: 6px 35px;\n    line-height: 1.7em;\n    background: transparent;\n    border: 2px solid;\n    -webkit-font-smoothing: antialiased;\n    -moz-osx-font-smoothing: grayscale;\n    -moz-transition: all 0.2s;\n    -webkit-transition: all 0.2s;\n    transition: all 0.2s;\n    position: relative;\" href=\"http:\/\/olx.pl\/oferty\/uzytkownik\/ZqNW\/\">Sprawd\u017a ofert\u0119!<\/a><\/div>\n<\/div>\n<\/div>\n<div class=\"et_pb_fullwidth_header_overlay\"><\/div>\n<div class=\"et_pb_fullwidth_header_scroll\"><a href=\"#name\"><span class=\"scroll-down et-pb-icon bounce\">7<\/span><\/a><\/div>\n<\/section>\n<\/div>\n<div class=\"et_pb_section pudding-top mobile-hide et_pb_section_1 et_pb_with_background et_section_regular et_pb_section_sticky\" style=\"padding-top: 0;\" name=\"name\">\n<div class=\"pudding-top et_pb_row et_pb_row_0 et_pb_gutters1 et_pb_row_fullwidth\">\n<div class=\"et_pb_column et_pb_column_1_2  et_pb_column_0 et_pb_row_sticky\">\n<div class=\"et_pb_module et-waypoint et_pb_image et_pb_animation_off et_pb_image_0 et_always_center_on_mobile et_pb_image_sticky et-animated\">\n\t\t\t\t<img src=\"http:\/\/www.mssystemphu.pl\/images\/f1.jpg\" width=\"150%\" alt=\"\"><\/p><\/div>\n<\/p><\/div>\n<p> <!-- .et_pb_column --><\/p>\n<div class=\"et_pb_column et_pb_column_1_2  et_pb_column_1\">\n<hr class=\"et_pb_module et_pb_space et_pb_divider_0 et-hide-mobile\">\n<div class=\"et_pb_promo et_pb_module et_pb_bg_layout_light et_pb_text_align_left  et_pb_cta_0 et_pb_no_bg\" style=\"    margin-top: 10% !important;\n    margin-right: 10% !important;\n    margin-bottom: 10%;\n    margin-left: 10% !important;\"><\/p>\n<div class=\"et_pb_promo_description\">\n<h2>Serwis komputerowy Radom \u2013 Kompleksowe naprawy komputer\u00f3w pc oraz laptop\u00f3w<\/h2>\n<p>Elementem dzia\u0142alno\u015bci us\u0142ugowej naszej firmy s\u0105 wszelkie us\u0142ugi zwi\u0105zane z <b>naprawami, serwisem<\/b> oraz konserwacj\u0105 <b>komputer\u00f3w<\/b> pc i <b>laptop\u00f3w<\/b>. <br \/>\nUs\u0142ugi \u015bwiadczymy kompleksowo co oznacza, \u017ce pomo\u017cemy Pa\u0144stwu w przypadku awarii mechanicznej sprz\u0119tu jak i problem\u00f3w z oprogramowaniem czy wirusami. W przypadku awarii mechanicznych przed dokonaniem <b>naprawy<\/b> konsultujemy si\u0119 z klientami, w celu ustalenia op\u0142acalno\u015bci <b>naprawy<\/b>. <br \/>\nPosiadamy na stanie mn\u00f3stwo <b>nowych<\/b> i <b>u\u017cywanych<\/b> cz\u0119\u015bci zar\u00f3wno do <b>komputer\u00f3w pc<\/b> jak i <b>laptop\u00f3w<\/b> dzi\u0119ki czemu minimalizujemy dla Pa\u0144stwa koszty naprawy sprz\u0119tu.<br \/>\nZapraszamy do kontaktu pod nr <a href=\"tel:+48660101544\">660 101 544<\/a>!\n<\/p>\n<p><!--\n\n<p>Elementem dzia\u0142alno\u015bci us\u0142ugowej naszej firmy s\u0105 wszelkie us\u0142ugi zwi\u0105zane z <b>naprawami, serwisem<\/b> oraz konserwacj\u0105 <b>komputer\u00f3w<\/b> oraz <b>laptop\u00f3w<\/b>. Us\u0142ugi te \u015bwiadczymy kompleksowo co oznacza, \u017ce pomo\u017cemy Pa\u0144stwu w przypadku awarii mechanicznej sprz\u0119tu jak i problem\u00f3w z oprogramowaniem czy wirusami. W ka\u017cdym przypadku odpowiednio zdiagnozujemy przyczyn\u0119 powstaj\u0105cych problem\u00f3w i je\u015bli nie jest to przyczyna mechaniczna szybko j\u0105 usuniemy. W przypadku awarii mechanicznych w pierwszej kolejno\u015bci zawsze konsultujemy si\u0119 z naszymi klientami, gdy\u017c koszt zakupu cz\u0119\u015bci cz\u0119sto m\u00f3g\u0142by by\u0107 zbyt wysoki, aby <b>naprawy laptop\u00f3w<\/b> czy <b>komputer\u00f3w<\/b> by\u0142y w takich sytuacjach dla naszych klient\u00f3w op\u0142acalne. Je\u015bli naprawy wymagaj\u0105 zakupu cz\u0119\u015bci poza naszym <b>sklepem<\/b> zawsze polecimy dobrego producenta oraz <b>sklep w Radomiu<\/b> gdzie cz\u0119\u015b\u0107 mo\u017cna <b>tanio<\/b> naby\u0107. Posiadamy jednak na stanie mn\u00f3stwo <b>u\u017cywanych<\/b> cz\u0119\u015bci zar\u00f3wno do <b>laptop\u00f3w<\/b> jak i <b>komputer\u00f3w<\/b> pc dzi\u0119ki czemu <b>naprawy<\/b> oraz <b>serwis laptop\u00f3w<\/b> za po\u015brednictwem naszej firmy prawie zawsze jest op\u0142acalny!<\/p>\n\n--><\/p><\/div>\n<\/p><\/div>\n<\/p><\/div>\n<p> <!-- .et_pb_column --><\/p><\/div>\n<p> <!-- .et_pb_row --><\/p><\/div>\n<div class=\"et_pb_section pudding-top mobile-hide et_pb_section_2 et_pb_with_background et_section_regular et_pb_section_sticky et_pb_section_sticky_mobile\">\n<div class=\"pudding-top et_pb_row et_pb_row_1 et_pb_gutters1 et_pb_row_fullwidth\">\n<div class=\"et_pb_column et_pb_column_1_2  et_pb_column_2\">\n<hr class=\"et_pb_module et_pb_space et_pb_divider_1 et-hide-mobile\">\n<div class=\"et_pb_promo et_pb_module et_pb_bg_layout_light et_pb_text_align_right  et_pb_cta_1 et_pb_no_bg\" style=\"    margin-top: 10%;\n    margin-right: 10% !important;\n    margin-bottom: 10% !important;\n    margin-left: 10% !important;\"><\/p>\n<div class=\"et_pb_promo_description\">\n<h2>Sklep komputerowy Radom \u2013 Tanie, nowe i u\u017cywane laptopy oraz komputery pc<\/h2>\n<p>G\u0142\u00f3wnym celem naszej firmy jest <strong>sprzeda\u017c komputer\u00f3w pc<\/strong> oraz <strong>laptop\u00f3w<\/strong> w doskona\u0142ej jako\u015bci po mo\u017cliwie jak najni\u017cszych cenach. Nasz\u0105 specjalizacj\u0105 s\u0105 <strong>tanie laptopy<\/strong> powystawowe oraz poleasingowe o wysokich parametrach, kt\u00f3re sprzedajemy w <strong>najni\u017cszych cenach w regionie radomskim<\/strong>! <br \/>\nPosiadamy najwi\u0119kszy wyb\u00f3r w sprzeda\u017cy <strong>taniego sprz\u0119tu komputerowego<\/strong>!<br \/>\nProwadzimy r\u00f3wnie\u017c <strong>skup komputer\u00f3w oraz laptop\u00f3w<\/strong> wi\u0119c je\u015bli chc\u0105 si\u0119 Pa\u0144stwa pozby\u0107 starego sprz\u0119tu komputerowego r\u00f3wnie\u017c zapraszamy. Nasze biuro mie\u015bci si\u0119 w <strong>Radomiu<\/strong> przy ul. Grzecznarowskiego 44 lok. 5.<br \/>\nZapraszamy do kontaktu pod nr tel. <strong><a href=\"tel:+48660101544\">660 101 544<\/a><\/strong>!\n<\/p>\n<p><!--\n\n<p>Prowadzimy dzia\u0142alno\u015bc handlowo-us\u0142ugow\u0105. W naszej ofercie znajd\u0105 Pa\u0144stwo sprawdzone, zar\u00f3wno nowe jak i <b>u\u017cywane laptopy<\/b> oraz <b>komputery<\/b> pc. W <b>Radomiu<\/b> jest wiele <b>sklep\u00f3w komputerowych<\/b> jednak w przypadku <b>laptop\u00f3w<\/b> lub <b>komputer\u00f3w<\/b> nabytych za po\u015brednictwem naszego sklepu maj\u0105 Pa\u0144stwo gwarancj\u0119, \u017ce s\u0105 w dobry stanie technicznym, a <b>cena<\/b> nierzadko jest o <b>70% ni\u017csza<\/b> ni\u017c w pozosta\u0142ych <b>sklepach<\/b>. Je\u015bli szukaj\u0105 Pa\u0144stwo w <b>Radomiu taniego laptopa<\/b> lub <b>komputera<\/b> to trafili Pa\u0144stwo pod w\u0142a\u015bciwy adres. Z uwagi na posiadan\u0105 przez nas wiedz\u0119 oraz do\u015bwiadczenia naszych klient\u00f3w w eksploatacji sprz\u0119tu <b>komputerowego<\/b> do naszej oferty trafiaj\u0105 tylko <b>laptopy<\/b> uznanych producent\u00f3w oraz <b>komputery<\/b> pc zbudowane na bazie niezawodnych cz\u0119\u015bci.Zapraszamy do zapoznania si\u0119 z aktualnie posiadan\u0105 przez nas ofert\u0105. Mog\u0105 Pa\u0144stwo si\u0119 z ni\u0105 zapozna\u0107 poprzez przycisk Sprawd\u017a ofert\u0119! Je\u015bli nie znajd\u0105 w niej Pa\u0144stwo <b>komputera<\/b> lub <b>laptopa<\/b>, kt\u00f3ry spe\u0142nia\u0142by Pa\u0144stwa oczekiwania <b>cenowe<\/b> zach\u0119camy do bie\u017c\u0105cego weryfikowania naszej oferty, gdy\u017c \u015brednio co tydzie\u0144 otrzymujemy dostaw\u0119 <b>nowych i u\u017cywanych laptop\u00f3w oraz komputer\u00f3w pc<\/b>. Je\u015bli s\u0105 Pa\u0144stwo w posiadaniu komputera lub laptopa, kt\u00f3ry przesta\u0142 ju\u017c spe\u0142nia\u0107 Pa\u0144stwa oczekiwania, za po\u015brednictwem naszej firmy mog\u0105 go Pa\u0144stwo spieni\u0119\u017cy\u0107, gdy prowadzimy r\u00f3wnie\u017c <b>skup u\u017cywanych komputer\u00f3w<\/b> oraz <b>skup laptop\u00f3w u\u017cywanych<\/b>. Nasze biuro mie\u015bci si\u0119 w <b>Radomiu<\/b> przy ul. Grzecznarowskiego 44 lok. 5. Zapraszamy!\n<\/p>\n\n--><\/p><\/div>\n<\/p><\/div>\n<\/p><\/div>\n<p> <!-- .et_pb_column --><\/p>\n<div class=\"et_pb_column et_pb_column_1_2  et_pb_column_3 et_pb_row_sticky\">\n<div class=\"et_pb_module et-waypoint et_pb_image et_pb_animation_off et_pb_image_1 et_always_center_on_mobile et_pb_image_sticky\">\n\t\t\t\t<img src=\"http:\/\/www.mssystemphu.pl\/images\/f22.jpg\" width=\"150%\" alt=\"\"><\/p><\/div>\n<\/p><\/div>\n<p> <!-- .et_pb_column --><\/p><\/div>\n<p> <!-- .et_pb_row --><\/p><\/div>\n<table style=\"height: 107px;  border: none !important;\" width=\"100%;\">\n<tbody>\n<tr>\n<td width=\"33%;\" style=\"    border-top: none !important;\"><img loading=\"lazy\" src=\"\/wp-content\/uploads\/2016\/03\/logoms.png\" alt=\"\" width=\"353\" height=\"117\"><\/td>\n<td style=\"    border-top: none !important;\">\n<div class=\"et_pb_column et_pb_column_1_3  et_pb_column_22\">\n<div class=\"et_pb_text et_pb_module et_pb_bg_layout_light et_pb_text_align_center  et_pb_text_2\">\n<p style=\"text-align: center;\">&nbsp;<\/p>\n<\/div>\n<p><!-- .et_pb_text --><\/div>\n<p><!-- .et_pb_column --><\/p>\n<div class=\"et_pb_column et_pb_column_1_3  et_pb_column_23\">&nbsp;<\/div>\n<\/td>\n<td style=\"text-align: center;     border-top: none !important;\" width=\"33%;\"><strong>Szybki kontakt<\/strong><br \/><a style=\"color: #1155cc; font-family: arial, sans-serif; font-size: 12.8px; line-height: normal; text-align: start;\" href=\"tel:+48660101544\" target=\"_blank\">+48 660 101 544<\/a><br \/><a style=\"color: #1155cc; font-family: arial, sans-serif; font-size: 12.8px; line-height: normal; text-align: start;\" href=\"mailto:mssystem@op.pl\" target=\"_blank\">mssystem@op.pl<\/a><\/td>\n<\/tr>\n<\/tbody>\n<\/table>\n<p><!--aa--><\/p>\n","protected":false},"excerpt":{"rendered":"<p>Sprawd\u017a ofert\u0119! 7 Serwis komputerowy Radom \u2013 Kompleksowe naprawy komputer\u00f3w pc oraz laptop\u00f3w Elementem dzia\u0142alno\u015bci us\u0142ugowej naszej firmy s\u0105 wszelkie us\u0142ugi zwi\u0105zane z naprawami, serwisem oraz konserwacj\u0105 komputer\u00f3w pc i laptop\u00f3w. Us\u0142ugi \u015bwiadczymy kompleksowo co oznacza, \u017ce pomo\u017cemy Pa\u0144stwu w przypadku awarii mechanicznej sprz\u0119tu jak i problem\u00f3w z oprogramowaniem czy wirusami. W przypadku awarii mechanicznych [&hellip;]<\/p>\n","protected":false},"author":1,"featured_media":0,"parent":0,"menu_order":0,"comment_status":"closed","ping_status":"open","template":"","meta":[],"_links":{"self":[{"href":"http:\/\/www.mssystemphu.pl\/index.php?rest_route=\/wp\/v2\/pages\/2"}],"collection":[{"href":"http:\/\/www.mssystemphu.pl\/index.php?rest_route=\/wp\/v2\/pages"}],"about":[{"href":"http:\/\/www.mssystemphu.pl\/index.php?rest_route=\/wp\/v2\/types\/page"}],"author":[{"embeddable":true,"href":"http:\/\/www.mssystemphu.pl\/index.php?rest_route=\/wp\/v2\/users\/1"}],"replies":[{"embeddable":true,"href":"http:\/\/www.mssystemphu.pl\/index.php?rest_route=%2Fwp%2Fv2%2Fcomments&post=2"}],"version-history":[{"count":114,"href":"http:\/\/www.mssystemphu.pl\/index.php?rest_route=\/wp\/v2\/pages\/2\/revisions"}],"predecessor-version":[{"id":208,"href":"http:\/\/www.mssystemphu.pl\/index.php?rest_route=\/wp\/v2\/pages\/2\/revisions\/208"}],"wp:attachment":[{"href":"http:\/\/www.mssystemphu.pl\/index.php?rest_route=%2Fwp%2Fv2%2Fmedia&parent=2"}],"curies":[{"name":"wp","href":"https:\/\/api.w.org\/{rel}","templated":true}]}}